base 5, what is -1214311 - 244?
-1220110
In base 6, what is -111445 + -21?
-111510
In base 7, what is -25320 + 14?
-25303
In base 4, what is -11 - 122000?
-122011
In base 2, what is -101001 - 110010001011?
-110010110100
In base 16, what is -1 - 376a1?
-376a2
In base 5, what is -202342031 + 0?
-202342031
In base 14, what is 72b + -d9?
632
In base 8, what is 5101 + 1324?
6425
In base 14, what is -236699 + -4?
-23669d
In base 16, what is -4f - -71f?
6d0
In base 5, what is -224031 + -3?
-224034
In base 12, what is -97 + 5a52?
5977
In base 15, what is -13 - 599d?
-59b1
In base 12, what is 1166b5 - 5?
1166b0
In base 11, what is -13a9 + 23?
-1386
In base 8, what is -2 - 171071?
-171073
In base 4, what is 11 - -3213223312?
3213223323
In base 16, what is 21ff - 15?
21ea
In base 3, what is -100 - -10221021222?
10221021122
In base 14, what is -15800 + 1?
-157dd
In base 13, what is 236ba6 + -2?
236ba4
In base 14, what is 4 + -515a5?
-515a1
In base 5, what is -102002133 - -2?
-102002131
In base 4, what is 11 + -333212?
-333201
In base 12, what is -145 + 314?
18b
In base 13, what is 3554 + 12?
3566
In base 10, what is 57845 + 44?
57889
In base 13, what is 43462 - -8?
4346a
In base 13, what is -8c87 + 1?
-8c86
In base 3, what is -2 + 2122000222011?
2122000222002
In base 3, what is -110000201022 - -1?
-110000201021
In base 6, what is -1 - -11130031?
11130030
In base 7, what is 4 - 110032?
-110025
In base 7, what is 46246 - -160?
46436
In base 6, what is 0 + -21524435?
-21524435
In base 7, what is -2 + 122165?
122163
In base 4, what is -22 - 3313222?
-3313310
In base 8, what is 164710 + -11?
164677
In base 12, what is 369 - 202?
167
In base 14, what is 11a + 58d?
6a9
In base 11, what is -301 - 129?
-42a
In base 2, what is 10000000101111 + 1101011?
10000010011010
In base 9, what is -234 + -1042?
-1276
In base 7, what is -44506 - -1022?
-43454
In base 7, what is -4504150 + 4?
-4504143
In base 9, what is 1461658 - 1?
1461657
In base 11, what is -63a - a4?
-733
In base 13, what is 38a1 + -5?
3899
In base 12, what is -9375 + 26?
-934b
In base 13, what is 6 + 1c7b?
1c84
In base 12, what is -63 + -74?
-117
In base 4, what is 0 - 30301323?
-30301323
In base 12, what is -4b - 23b4?
-2443
In base 4, what is 1200 - 3102312?
-3101112
In base 9, what is -35868 + 2?
-35866
In base 7, what is -2040634 + 5?
-2040626
In base 4, what is -33211021 - -201?
-33210220
In base 4, what is -1002 + 23333?
22331
In base 8, what is 16333 + -17?
16314
In base 3, what is -222 + -2222211?
-10000210
In base 5, what is 3031 - 21402?
-13321
In base 3, what is 2011200 + 2002?
2020202
In base 2, what is 10101011110000 + -1?
10101011101111
In base 11, what is -1047 + 83?
-a74
In base 5, what is 203141 - 210?
202431
In base 7, what is 1032466 - 5?
1032461
In base 7, what is 3320046 + -2?
3320044
In base 4, what is -10332 + 2231?
-2101
In base 12, what is -22 + 5b?
39
In base 4, what is 200210222 + -1?
200210221
In base 14, what is 17 - 6a6?
-68d
In base 16, what is 5 + -db46?
-db41
In base 2, what is 11000000100001 - -11?
11000000100100
In base 3, what is 1010011020 - -21?
1010011111
In base 6, what is -3330 + -305?
-4035
In base 10, what is -685659 + -4?
-685663
In base 10, what is 104 - -569?
673
In base 3, what is -10001212 + -2101?
-10011020
In base 5, what is 14 + -240124?
-240110
In base 16, what is -27f - 139d?
-161c
In base 9, what is 13 - 11833?
-11820
In base 4, what is 1020020 + -101?
1013313
In base 9, what is -261711 - 4?
-261715
In base 7, what is 32 + 343416?
343451
In base 13, what is 1458 - -10?
1468
In base 15, what is 46 - 10da2?
-10d5b
In base 3, what is -12 - 11002202201?
-11002202220
In base 7, what is -224424 - -14?
-224410
In base 12, what is -21 - 4396?
-43b7
In base 4, what is 101021 - 11?
101010
In base 6, what is 2242451 + 3?
2242454
In base 16, what is -8 + 220de?
220d6
In base 2, what is -1011110101101010 + 11?
-1011110101100111
In base 3, what is 200010201222 - 11?
200010201211
In base 6, what is 51553 - 0?
51553
In base 9, what is -1712677 + -4?
-1712682
In base 10, what is 385 - -34?
419
In base 16, what is 5c + bba?
c16
In base 2, what is -100110 + -1111010010?
-1111111000
In base 6, what is 1 - 2111052?
-2111051
In base 5, what is 440042433 - 10?
440042423
In base 2, what is 1001110100110001000 - 111?
1001110100110000001
In base 8, what is 65564 - -52?
65636
In base 8, what is -34 + 3027?
2773
In base 2, what is 10111110111110 + 1000?
10111111000110
In base 2, what is 110000001010 + 10101000?
110010110010
In base 7, what is -34500 + 3?
-34464
In base 11, what is 275436 - -4?
27543a
In base 12, what is 30 + 556b?
559b
In base 11, what is 1696 + 42?
1728
In base 11, what is 2510 + 142?
2652
In base 8, what is 132262 + 2?
132264
In base 3, what is 212102020 + 10?
212102100
In base 2, what is 10110101 + -1010001100000?
-1001110101011
In base 16, what is 10 - -6253?
6263
In base 5, what is -3 + -11203104?
-11203112
In base 3, what is -2012 - 22220?
-102002
In base 15, what is -533e4 - 0?
-533e4
In base 4, what is 11012 - -201230?
212302
In base 6, what is -1231545 + -2?
-1231551
In base 3, what is -10102002020 - -100?
-10102001220
In base 4, what is -1230 + 1230?
0
In base 8, what is 146 + -2240?
-2072
In base 12, what is 60a68 - 5?
60a63
In base 8, what is 151 + 62556?
62727
In base 16, what is d8b + 6?
d91
In base 6, what is 4 + 544224?
544232
In base 6, what is 34 + 1413?
1451
In base 15, what is 4 - 20ae?
-20aa
In base 15, what is -24 - -221?
1ec
In base 4, what is 110 + -101021001?
-101020231
In base 12, what is -4095 + 10?
-4085
In base 16, what is -5 + 8160?
815b
In base 3, what is -21020202 - 20?
-21020222
In base 16, what is 4 + 100?
104
In base 10, what is 0 + 2033?
2033
In base 11, what is -41 - 4116?
-4157
In base 16, what is 49 + -a953?
-a90a
In base 10, what is 38627 + 25?
38652
In base 15, what is 1eba - b?
1eae
In base 9, what is 3 + 23801?
23804
In base 16, what is -56f + -134?
-6a3
In base 12, what is -14 - -6b44?
6b30
In base 5, what is -23102422 - -1?
-23102421
In base 10, what is 458 + 52?
510
In base 9, what is 2 + 165648?
165651
In base 3, what is -20212 + 22202100?
22111111
In base 6, what is 130132310 - -5?
130132315
In base 12, what is 4 - 1932?
-192a
In base 4, what is 31322 - 233?
31023
In base 5, what is -110133 + 1340?
-103243
In base 10, what is -8983 + -4?
-8987
In base 7, what is 5 - 132334?
-132326
In base 4, what is 1313 - 1030013?
-1022100
In base 7, what is 1451 - 2661?
-1210
In base 7, what is -3213643 + -4?
-3213650
In base 11, what is 125 + -a147?
-a022
In base 11, what is -43 - -1a0?
158
In base 12, what is ba + -8b7?
-7b9
In base 16, what is -378 + 503?
18b
In base 2, what is -100101 - -10000100?
1011111
In base 2, what is -10 - 1100111001011001?
-1100111001011011
In base 15, what is -51b19 - 1?
-51b1a
In base 6, what is 201012402 - 4?
201012354
In base 13, what is -5 + 353b6?
353b1
In base 13, what is 1815 - -54c?
2064
In base 10, what is -1 + 18214?
18213
In base 9, what is -4 - -37537?
37533
In base 5, what is 224042 - -23?
224120
In base 3, what is -1200 - -21110?
12210
In base 3, what is 11021210102 - 21?
11021210011
In base 7, what is 425 + -436?
-11
In base 8, what is -2556 + -276?
-3054
In base 16, what is 9 + 844?
84d
In base 14, what is -102d6 - 52?
-10348
In base 15, what is 2 + 7543?
7545
In base 14, what is 44659 + -3?
44656
In base 8, what is -561113 - -6?
-561105
In base 4, what is 10031 - -11231?
21322
In base 14, what is 78b659 + 4?
78b65d
In base 16, what is -3c7 - -3d?
-38a
In base 2, what is 101 + 11101010001001111?
11101010001010100
In base 13, what is 8c - 22c?
-170
In base 6, what is -50111 + -1004?
-51115
In base 13, what is 1705 - -3?
1708
In base 4, what is 31310230 - -11?
31310301
In base 16, what is 10 + 6c6?
6d6
In base 13, what is -37720 - -4?
-37719
In base 8, what is 0 - -230044?
230044
In base 12, what is -92 - 2b?
-101
In base 5, what is 4120 + -1244?
2321
In base 9, what is 526 + 26?
553
In base 4, what is 10 + 211303302?
211303312
In base 16, what is 2 - d3c4?
-d3c2
In base 6, what is 11 + 104125?
104140
In base 9, what is -147 - -5828?
5671
In base 11, what is -1a873 - -2?
-1a871
In base 14, what is 8069 + 0?
8069
In base 2, what is 10100010010010000000 + 10?
10100010010010000010
In ba